me number?
True
Is 305915147 prime?
False
Is 46317883 a composite number?
True
Is 2081777 a prime number?
True
Is 4294963 composite?
False
Is 2566199 a prime number?
True
Is 79657205 a composite number?
True
Is 44661389 a composite number?
False
Is 2939219 a prime number?
True
Is 2199623 prime?
True
Is 112383979 composite?
True
Is 3295811 a prime number?
True
Is 3690019 prime?
False
Is 627761 prime?
False
Is 168955499 composite?
False
Is 1247413 prime?
False
Is 388651 a composite number?
False
Is 1067189 a prime number?
False
Is 102617293 prime?
True
Is 330871061 a prime number?
False
Is 7258659 composite?
True
Is 353778485 prime?
False
Is 69305701 composite?
False
Is 11372117 prime?
True
Is 31072355 composite?
True
Is 947851 a composite number?
False
Is 35831717 composite?
False
Is 7294535 a composite number?
True
Is 3130663 prime?
True
Is 73346203 composite?
True
Is 55512361 prime?
False
Is 3319685 composite?
True
Is 24501619 a prime number?
True
Is 168556559 prime?
False
Is 5522117 composite?
False
Is 3536557 prime?
False
Is 32563613 a prime number?
True
Is 57316747 a composite number?
False
Is 789877 a prime number?
False
Is 29279281 a composite number?
True
Is 12773183 prime?
True
Is 11983619 prime?
True
Is 9083939 a composite number?
False
Is 3208849 a composite number?
True
Is 31533731 composite?
True
Is 52583299 prime?
True
Is 238283 a prime number?
False
Is 12057013 a prime number?
True
Is 4610479 a composite number?
False
Is 9920293 prime?
True
Is 968069 a prime number?
False
Is 50517581 composite?
True
Is 48150395 a prime number?
False
Is 21862031 composite?
False
Is 5119117 composite?
False
Is 8478733 a prime number?
False
Is 9329149 a prime number?
True
Is 29289173 a prime number?
True
Is 319893059 a prime number?
True
Is 803849 a prime number?
True
Is 4620887 composite?
True
Is 78369683 a prime number?
False
Is 80140477 a prime number?
True
Is 307888031 a prime number?
False
Is 15542843 prime?
False
Is 8020121 a prime number?
True
Is 62175161 a composite number?
False
Is 232049 a composite number?
False
Is 165096929 a composite number?
True
Is 63350461 prime?
True
Is 127562497 a composite number?
False
Is 30143257 composite?
False
Is 150353399 composite?
True
Is 2191265 prime?
False
Is 333648217 composite?
True
Is 6987847 prime?
True
Is 23707627 a composite number?
True
Is 125746249 a prime number?
True
Is 16564963 prime?
True
Is 3493247 a composite number?
True
Is 79177559 composite?
True
Is 2081237 prime?
True
Is 411124819 prime?
False
Is 3696337 prime?
False
Is 8258891 prime?
True
Is 10123781 prime?
True
Is 4200571 prime?
False
Is 21510329 a composite number?
False
Is 176016011 prime?
False
Is 15691427 a prime number?
True
Is 4597709 composite?
False
Is 12429049 composite?
False
Is 8033873 composite?
False
Is 1582283 a composite number?
False
Is 2796167 a composite number?
True
Is 1745077 a prime number?
True
Is 4570517 a prime number?
False
Is 61211063 composite?
False
Is 42120982 composite?
True
Is 24092462 prime?
False
Is 30907711 a composite number?
False
Is 19379261 a composite number?
True
Is 70744151 composite?
True
Is 9949519 composite?
False
Is 440542327 composite?
True
Is 774853511 composite?
False
Is 45087539 prime?
False
Is 716651 a prime number?
False
Is 33705719 prime?
False
Is 12112271 prime?
True
Is 79903211 a composite number?
False
Is 392957 a composite number?
False
Is 302226209 a prime number?
True
Is 32721797 a prime number?
True
Is 438288089 composite?
False
Is 2765131 a composite number?
False
Is 134807 composite?
False
Is 25819 a composite number?
False
Is 13548685 a composite number?
True
Is 324177389 a composite number?
False
Is 10421837 a prime number?
True
Is 3089659 prime?
False
Is 47455 a composite number?
True
Is 68538601 a prime number?
True
Is 4675621 a prime number?
False
Is 541351 a prime number?
False
Is 298993 a prime number?
True
Is 360316711 a prime number?
False
Is 27071537 prime?
True
Is 328645021 a composite number?
True
Is 147036577 prime?
False
Is 114990433 prime?
True
Is 450106717 a prime number?
True
Is 990422681 composite?
True
Is 68858819 prime?
False
Is 19991171 composite?
False
Is 166133481 prime?
False
Is 1560445 prime?
False
Is 3645653 a composite number?
True
Is 185835691 composite?
True
Is 7896173 a composite number?
True
Is 26254967 composite?
False
Is 32916937 a composite number?
False
Is 4082867 composite?
True
Is 8098187 prime?
True
Is 757807 a composite number?
False
Is 1234989889 prime?
False
Is 14994491 prime?
True
Is 13469311 a composite number?
True
Is 1028471 prime?
True
Is 169343935 composite?
True
Is 4623973 a composite number?
True
Is 1845281 a composite number?
True
Is 1182682 composite?
True
Is 51298003 a composite number?
True
Is 126810011 composite?
True
Is 281431739 a prime number?
True
Is 2525959 a composite number?
False
Is 96187661 a prime number?
True
Is 9229889 a composite number?
False
Is 2715305 a composite number?
True
Is 1660033 composite?
True
Is 1558501 prime?
False
Is 104285371 a composite number?
False
Is 125565151 prime?
True
Is 1674259 prime?
True
Is 74581 composite?
True
Is 6642437 a composite number?
True
Is 32900917 prime?
False
Is 10338457 composite?
True
Is 255947671 composite?
True
Is 38019731 a prime number?
True
Is 273457 composite?
False
Is 227467853 a prime number?
True
Is 806503 a prime number?
True
Is 1157438 composite?
True
Is 28784207 composite?
False
Is 81368881 composite?
True
Is 202909823 a prime number?
True
Is 10008487 composite?
False
Is 4519901 prime?
True
Is 638209391 a prime number?
True
Is 12148327 a prime number?
True
Is 4556555 a composite number?
True
Is 55844603 a prime number?
True
Is 37343591 composite?
False
Is 35640427 prime?
True
Is 34676309 a prime number?
True
Is 16388779 a prime number?
False
Is 793294 a composite number?
True
Is 1808353657 prime?
False
Is 462529 a prime number?
True
Is 454242097 a composite number?
False
Is 182345713 prime?
False
Is 42851057 a prime number?
True
Is 143818267 a composite number?
False
Is 2317061 a composite number?
True
Is 6685303 a prime number?
True
Is 290956661 prime?
True
Is 8184489 a prime number?
False
Is 16899791 prime?
True
Is 16552769 a prime number?
True
Is 253887 composite?
True
Is 31167971 a composite number?
False
Is 10209599 composite?
False
Is 119674453 a composite number?
False
Is 762337 prime?
False
Is 400321 composite?
False
Is 1317839 a prime number?
True
Is 88534519 a prime number?
False
Is 9551651 a prime number?
False
Is 2521319 prime?
False
Is 161677 prime?
False
Is 14478449 a composite number?
False
Is 4671577 a composite number?
True
Is 24191669 a prime number?
False
Is 16269853 prime?
False
Is 859513 prime?
True
Is 129411521 prime?
True
Is 2691421 a prime number?
True
Is 38948521 a composite number?
False
Is 87562987 a prime number?
True
Is 79224969 prime?
False
Is 5605001 prime?
False
Is 17324843 composite?
True
Is 3197917 a composite number?
True
Is 3436399 a prime number?
True
Is 10201141 a composite number?
True
Is 38017 prime?
False
Is 120816646 prime?
False
Is 7229219 a prime number?
True
Is 2521763 prime?
False
Is 35735587 composite?
False
Is 350543 prime?
False
Is 503182039 prime?
False
Is 7291363 composite?
False
Is 1222504571 prime?
True
Is 1735463 a composite number?
False
Is 1200917 a composite number?
False
Is 13447898 prime?
False
Is 11346131 a prime number?
True
Is 327891 composite?
True
Is 12774709 a composite number?
False
Is 30203519 prime?
True
Is 168239 a composite number?
True
Is 750318197 prime?
True
Is 139826471 a composite number?
False
Is 2772001763 a prime number?
True
Is 279650081 composite?
True
Is 91605601 a prime number?
True
Is 23264273 a composite number?
False
Is 12775031 a prime number?
True
Is 6488317 a composite number?
True
Is 35454563 a composite number?
True
Is 1720670187 composite?
True
Is 36548689 composite?
True
Is 122956789 composite?
False
Is 97231747 prime?
True
Is 32311511 a prime number?
True
Is 500436671 composite?
True
Is 1190567 prime?
False
Is 5797531 prime?
True
Is 1260431047 a prime number?
True
Is 230296957 composite?
True
Is 9412427 prime?
True
Is 269987 prime?
True
Is 107833699 composite?
False
Is 2698793 a composite number?
True
Is 2153531 prime?
True
Is 571212547 composite?
False
Is 31